{"id":349,"date":"2020-02-09T18:15:09","date_gmt":"2020-02-09T17:15:09","guid":{"rendered":"http:\/\/lionsmalstudio-hannover.de\/?page_id=349"},"modified":"2026-01-13T19:43:49","modified_gmt":"2026-01-13T18:43:49","slug":"mitgliedschaft","status":"publish","type":"page","link":"http:\/\/lionsmalstudio-hannover.de\/index.php\/mitgliedschaft\/","title":{"rendered":"Mitgliedschaft"},"content":{"rendered":"<section class=\"wpb-content-wrapper\">[vc_row full_width=&#8220;stretch_row_content_no_spaces&#8220;][vc_column][vc_single_image image=&#8220;352&#8243;][\/vc_column][\/vc_row][vc_row full_width=&#8220;stretch_row_content_no_spaces&#8220;][vc_column][\/vc_column][\/vc_row][vc_row full_width=&#8220;stretch_row&#8220; column_spacing=&#8220;40&#8243;][vc_column width=&#8220;1\/4&#8243;][vc_column_text font_size=&#8220;35&#8243; line_height=&#8220;1&#8243; font_weight=&#8220;200&#8243;]<span style=\"color: #72b237;\"> Mitgliedschaft<\/span>[\/vc_column_text][\/vc_column][vc_column width=&#8220;3\/4&#8243;][vc_column_text responsive_text=&#8220;true&#8220; font_size=&#8220;20&#8243; text_align=&#8220;left&#8220; css=&#8220;.vc_custom_1581357827882{margin-left: px !important;}&#8220;]Haben wir Ihr Interesse geweckt? Werden Sie Mitglied<br \/>\nund nutzen Sie unser vielf\u00e4ltiges Kursangebot.[\/vc_column_text][\/vc_column][\/vc_row][vc_row][vc_column width=&#8220;2\/3&#8243;][vc_column_text font_size=&#8220;22&#8243; color=&#8220;#72b237&#8243; font_weight=&#8220;200&#8243; font_family=&#8220;Open Sans&#8220;]An wen richtet sich unser Angebot?[\/vc_column_text][vc_column_text css=&#8220;.vc_custom_1683707769508{background-position: center !important;background-repeat: no-repeat !important;background-size: cover !important;}&#8220;]<strong>Wir wenden uns an alle Interessenten ab 50 Jahren, die Spa\u00df am Aus\u00fcben und Erlernen einer k\u00fcnstlerischen T\u00e4tigkeit haben.<\/strong>[\/vc_column_text][vc_column_text font_size=&#8220;22&#8243; color=&#8220;#72b237&#8243; font_weight=&#8220;200&#8243; font_family=&#8220;Open Sans&#8220; css=&#8220;.vc_custom_1581358654833{margin-top: 20px !important;}&#8220;]Ihre M\u00f6glichkeiten[\/vc_column_text][vc_column_text]<strong>Mit dem Erwerb der Mitgliedschaft besteht der Anspruch, an einem der w\u00f6chentlich stattfindenden Mal- und Zeichengruppen <\/strong><strong>teilzunehmen. W\u00e4hrend der Sommerferien, sowie um Weihnachten und Ostern ist das Studio geschlossen.\u00a0 Die Gruppen treffen sich jeweils an ca. 40 Terminen im Jahr.<\/strong>[\/vc_column_text][vc_column_text font_size=&#8220;22&#8243; color=&#8220;#72b237&#8243; font_weight=&#8220;200&#8243; font_family=&#8220;Open Sans&#8220; css=&#8220;.vc_custom_1581358665105{margin-top: 20px !important;}&#8220;]Sie sind jederzeit herzlich willkommen[\/vc_column_text][vc_column_text]<strong>Der Eintritt ins Malstudio ist jederzeit m\u00f6glich.<\/strong><strong><br \/>\nBeachten Sie jedoch, dass sich die Dauer der Mitgliedschaft immer<br \/>\nbis zum Jahresende erstreckt; die K\u00fcndigungsfrist betr\u00e4gt drei Monate.<\/strong>[\/vc_column_text][vc_column_text font_size=&#8220;22&#8243; color=&#8220;#72b237&#8243; font_weight=&#8220;200&#8243; font_family=&#8220;Open Sans&#8220; css=&#8220;.vc_custom_1581358675781{margin-top: 20px !important;}&#8220;]Sie m\u00f6chten noch mehr?[\/vc_column_text][vc_column_text]<strong>F\u00fcr einen zus\u00e4tzlichen Jahresbeitrag von 180 \u20ac (2025) k\u00f6nnen Sie an einer zweiten Gruppe teilnehmen.<\/strong>[\/vc_column_text][vc_column_text font_size=&#8220;22&#8243; color=&#8220;#72b237&#8243; font_weight=&#8220;200&#8243; font_family=&#8220;Open Sans&#8220; css=&#8220;.vc_custom_1581358696805{margin-top: 20px !important;}&#8220;]Ihr Mitgliedsbeitrag[\/vc_column_text][vc_column_text]<strong>Der j\u00e4hrliche Mitgliedsbeitrag bel\u00e4uft sich ab dem 1. Januar 2023 auf 240 \u20ac. Bei einem Eintritt im Laufe eines Jahres ist ein anteiliger Mitgliedsbeitrag zu entrichten, der 20 \u20ac im Monat betr\u00e4gt. Die einmalige Aufnahmegeb\u00fchr betr\u00e4gt 10 \u20ac. Materialkosten sind in diesen Kurs nicht enthalten und m\u00fcssen separat beglichen werden.<\/strong>[\/vc_column_text][vc_column_text font_size=&#8220;22&#8243; color=&#8220;#72b237&#8243; font_weight=&#8220;200&#8243; font_family=&#8220;Open Sans&#8220; css=&#8220;.vc_custom_1581358715474{margin-top: 20px !important;}&#8220;]\n<p>Probieren Sie es einfach aus<\/p>\n[\/vc_column_text][vc_column_text]<strong>Um Ihnen die Entscheidung bei der Auswahl des Kurses zu erleichtern, bieten wir allen Interessenten die M\u00f6glichkeit, sich ein pers\u00f6nliches Bild von unseren Gruppen zu machen. Das Material wird gestellt, f\u00fcr die Probedoppelstunde berechnen wir ab 1.1.2024 10,- Euro. Bei Eintritt im gleichen Jahr werden max. 30\u20ac auf den Mitgliedsbeitrag angerechnet.<\/strong><strong> Bitte nehmen Sie vorab Kontakt mit uns auf unter der Telefonnummer: 0177 494 6461 oder per Mail: info@lionsmalstudio.clubdesk.com<br \/>\n<\/strong>[\/vc_column_text][\/vc_column][vc_column width=&#8220;1\/3&#8243;][\/vc_column][\/vc_row][vc_row][vc_column width=&#8220;1\/2&#8243;][vc_empty_space height=&#8220;20&#8243;][vc_btn title=&#8220;Unsere Beitrittserkl\u00e4rung&#8220; color=&#8220;green&#8220; link=&#8220;url:http%3A%2F%2Flionsmalstudio-hannover.de%2Fwp-content%2Fuploads%2F2025%2F09%2FBeitrittserklaerung-mit-Lastschrift-Wahl-beschr.9.25.pdf|target:_blank&#8220;][\/vc_column][vc_column width=&#8220;1\/2&#8243;][vc_empty_space height=&#8220;20&#8243;][vc_btn title=&#8220;Unsere Beitragsordnung&#8220; color=&#8220;green&#8220; link=&#8220;url:http%3A%2F%2Flionsmalstudio-hannover.de%2Fwp-content%2Fuploads%2F2026%2F01%2FBeitragsordnung-2026-Lions.pdf|target:_blank&#8220;][\/vc_column][\/vc_row][vc_row full_width=&#8220;stretch_row_content_no_spaces&#8220;][vc_column][vc_empty_space height=&#8220;20&#8243;][vc_single_image image=&#8220;1526&#8243;][\/vc_column][\/vc_row][vc_row full_width=&#8220;stretch_row_content_no_spaces&#8220;][vc_column]<div class=\"templatera_shortcode\"><style type=\"text\/css\" data-type=\"vc_shortcodes-custom-css\">.vc_custom_1698854107912{background-image: url(http:\/\/lionsmalstudio-hannover.de\/wp-content\/uploads\/2020\/01\/Wand.jpg?id=103) !important;background-position: center !important;background-repeat: no-repeat !important;background-size: cover !important;}.vc_custom_1581288956255{margin-bottom: 0px !important;padding-top: 20px !important;padding-right: 20px !important;padding-bottom: 40px !important;padding-left: 40px !important;}.vc_custom_1580405360057{padding-top: 20px !important;padding-right: 20px !important;padding-bottom: 20px !important;padding-left: 20px !important;}.vc_custom_1665395475438{margin-bottom: 10px !important;}.vc_custom_1717005684858{padding-top: 20px !important;padding-right: 20px !important;padding-bottom: 0px !important;padding-left: 20px !important;}.vc_custom_1717005676716{padding-top: 0px !important;padding-right: 20px !important;padding-bottom: 40px !important;padding-left: 20px !important;}.vc_custom_1717005526268{padding-top: 0px !important;padding-right: 20px !important;padding-bottom: 40px !important;padding-left: 20px !important;}.vc_custom_1755372496287{padding-top: 0px !important;padding-right: 20px !important;padding-bottom: 40px !important;padding-left: 20px !important;}.vc_custom_1748018392195{padding-top: 0px !important;padding-right: 20px !important;padding-bottom: 40px !important;padding-left: 20px !important;}.vc_custom_1760607470510{padding-top: 0px !important;padding-right: 20px !important;padding-bottom: 40px !important;padding-left: 20px !important;}.vc_custom_1581436329145{padding-right: 20px !important;padding-left: 20px !important;}.vc_custom_1581434487827{padding-right: 20px !important;}<\/style>[vc_row][vc_column][vc_separator color=\"black\"][\/vc_column][\/vc_row][vc_row equal_height=\"yes\" remove_bottom_col_margin=\"true\" center_row=\"yes\" wpex_fixed_bg=\"fixed-bottom\" css=\".vc_custom_1698854107912{background-image: url(http:\/\/lionsmalstudio-hannover.de\/wp-content\/uploads\/2020\/01\/Wand.jpg?id=103) !important;background-position: center !important;background-repeat: no-repeat !important;background-size: cover !important;}\"][vc_column width=\"1\/3\" css=\".vc_custom_1581288956255{margin-bottom: 0px !important;padding-top: 20px !important;padding-right: 20px !important;padding-bottom: 40px !important;padding-left: 40px !important;}\"][vc_column_text responsive_text=\"true\" color=\"#103c4f\" font_size=\"20\" css=\".vc_custom_1665395475438{margin-bottom: 10px !important;}\"]<strong>LIONSMALSTUDIO\r\nHANNOVER E.V.<\/strong>[\/vc_column_text][vc_column_text color=\"#103c4f\" font_size=\"14\"]<strong>Lions Malstudio Hannover e.V.<\/strong>\r\nKurt-Schumacher-Str. 18\r\n30159 Hannover\r\n0177 494 6461\r\n<strong>\r\nE-Mail:<\/strong> <a href=\"mailto:info@lionsmalstudio.clubdesk.com\">info@lionsmalstudio.clubdesk.com<\/a>\r\n\r\n<strong>Besuchen Sie uns auf Instagram:<\/strong>[\/vc_column_text][vc_icon type=\"monosocial\" icon_monosocial=\"vc-mono vc-mono-instagram\" color=\"green\" link=\"url:https%3A%2F%2Fwww.instagram.com%2Flionsmalstudio%2F|target:_blank\"][\/vc_column][vc_column width=\"1\/3\" wpex_fixed_bg=\"fixed-bottom\"][vc_single_image image=\"715\" img_size=\"medium\" alignment=\"center\" css=\".vc_custom_1717005684858{padding-top: 20px !important;padding-right: 20px !important;padding-bottom: 0px !important;padding-left: 20px !important;}\"][vc_single_image image=\"716\" img_size=\"medium\" alignment=\"center\" css=\".vc_custom_1717005676716{padding-top: 0px !important;padding-right: 20px !important;padding-bottom: 40px !important;padding-left: 20px !important;}\"][vc_single_image image=\"1367\" img_size=\"medium\" alignment=\"center\" css=\".vc_custom_1717005526268{padding-top: 0px !important;padding-right: 20px !important;padding-bottom: 40px !important;padding-left: 20px !important;}\"][vc_single_image image=\"1738\" img_size=\"medium\" alignment=\"center\" css=\".vc_custom_1755372496287{padding-top: 0px !important;padding-right: 20px !important;padding-bottom: 40px !important;padding-left: 20px !important;}\"][vc_single_image image=\"1643\" img_size=\"medium\" alignment=\"center\" onclick=\"custom_link\" img_link_target=\"_blank\" css=\".vc_custom_1748018392195{padding-top: 0px !important;padding-right: 20px !important;padding-bottom: 40px !important;padding-left: 20px !important;}\" link=\"https:\/\/www.hannonetz.de\/\"][vc_single_image image=\"1760\" img_size=\"medium\" alignment=\"center\" onclick=\"custom_link\" img_link_target=\"_blank\" css=\".vc_custom_1760607470510{padding-top: 0px !important;padding-right: 20px !important;padding-bottom: 40px !important;padding-left: 20px !important;}\" link=\"https:\/\/www.hannonetz.de\/\"][\/vc_column][vc_column width=\"1\/3\" css=\".vc_custom_1580405360057{padding-top: 20px !important;padding-right: 20px !important;padding-bottom: 20px !important;padding-left: 20px !important;}\"][vc_column_text responsive_text=\"true\" color=\"#103c4f\" css=\".vc_custom_1581436329145{padding-right: 20px !important;padding-left: 20px !important;}\" font_size=\"20\" text_align=\"right\"]\r\n<p style=\"text-align: right;\">RECHTLICHES<\/p>\r\n[\/vc_column_text][vc_column_text responsive_text=\"true\" color=\"#103c4f\" font_size=\"16\" css=\".vc_custom_1581434487827{padding-right: 20px !important;}\" text_align=\"right\"]<strong><a href=\"http:\/\/lionsmalstudio-hannover.de\/index.php\/impressum\/\">Impressum<\/a><\/strong>\r\n<strong><a href=\"http:\/\/lionsmalstudio-hannover.de\/index.php\/datenschutzerklaerung\/\">Datenschutz<\/a><\/strong>\r\n<strong><a href=\"http:\/\/lionsmalstudio-hannover.de\/index.php\/kontakt\/\">Kontakt<\/a><\/strong>[\/vc_column_text][\/vc_column][\/vc_row]<\/div>[\/vc_column][\/vc_row]\n<\/section>","protected":false},"excerpt":{"rendered":"<p>[vc_row full_width=&#8220;stretch_row_content_no_spaces&#8220;][vc_column][vc_single_image image=&#8220;352&#8243;][\/vc_column][\/vc_row][vc_row full_width=&#8220;stretch_row_content_no_spaces&#8220;][vc_column][\/vc_column][\/vc_row][vc_row full_width=&#8220;stretch_row&#8220; column_spacing=&#8220;40&#8243;][vc_column width=&#8220;1\/4&#8243;][vc_column_text font_size=&#8220;35&#8243; line_height=&#8220;1&#8243; font_weight=&#8220;200&#8243;] Mitgliedschaft[\/vc_column_text][\/vc_column][vc_column width=&#8220;3\/4&#8243;][vc_column_text responsive_text=&#8220;true&#8220; font_size=&#8220;20&#8243; text_align=&#8220;left&#8220; css=&#8220;.vc_custom_1581357827882{margin-left: px !important;}&#8220;]Haben wir Ihr Interesse geweckt? Werden Sie Mitglied und nutzen Sie unser vielf\u00e4ltiges Kursangebot.[\/vc_column_text][\/vc_column][\/vc_row][vc_row][vc_column width=&#8220;2\/3&#8243;][vc_column_text font_size=&#8220;22&#8243; color=&#8220;#72b237&#8243; font_weight=&#8220;200&#8243; font_family=&#8220;Open Sans&#8220;]An wen richtet sich unser Angebot?[\/vc_column_text][vc_column_text css=&#8220;.vc_custom_1683707769508{background-position: center !important;background-repeat: no-repeat !important;background-size: cover !important;}&#8220;]Wir wenden uns an alle Interessenten ab&hellip;<\/p>\n","protected":false},"author":2,"featured_media":0,"parent":0,"menu_order":0,"comment_status":"closed","ping_status":"closed","template":"","meta":{"footnotes":""},"class_list":["post-349","page","type-page","status-publish","hentry","entry","no-media"],"_links":{"self":[{"href":"http:\/\/lionsmalstudio-hannover.de\/index.php\/wp-json\/wp\/v2\/pages\/349"}],"collection":[{"href":"http:\/\/lionsmalstudio-hannover.de\/index.php\/wp-json\/wp\/v2\/pages"}],"about":[{"href":"http:\/\/lionsmalstudio-hannover.de\/index.php\/wp-json\/wp\/v2\/types\/page"}],"author":[{"embeddable":true,"href":"http:\/\/lionsmalstudio-hannover.de\/index.php\/wp-json\/wp\/v2\/users\/2"}],"replies":[{"embeddable":true,"href":"http:\/\/lionsmalstudio-hannover.de\/index.php\/wp-json\/wp\/v2\/comments?post=349"}],"version-history":[{"count":69,"href":"http:\/\/lionsmalstudio-hannover.de\/index.php\/wp-json\/wp\/v2\/pages\/349\/revisions"}],"predecessor-version":[{"id":1825,"href":"http:\/\/lionsmalstudio-hannover.de\/index.php\/wp-json\/wp\/v2\/pages\/349\/revisions\/1825"}],"wp:attachment":[{"href":"http:\/\/lionsmalstudio-hannover.de\/index.php\/wp-json\/wp\/v2\/media?parent=349"}],"curies":[{"name":"wp","href":"https:\/\/api.w.org\/{rel}","templated":true}]}}