{"id":22,"date":"2020-01-29T12:45:23","date_gmt":"2020-01-29T11:45:23","guid":{"rendered":"http:\/\/lionsmalstudio-hannover.de\/?page_id=22"},"modified":"2020-02-09T18:58:22","modified_gmt":"2020-02-09T17:58:22","slug":"test-seite","status":"publish","type":"page","link":"http:\/\/lionsmalstudio-hannover.de\/index.php\/test-seite\/","title":{"rendered":"Test-Seite"},"content":{"rendered":"<section class=\"wpb-content-wrapper\">[vc_row][vc_column css=&#8220;.vc_custom_1580481527677{margin-top: 0px !important;}&#8220;][vc_column_text responsive_text=&#8220;true&#8220; font_size=&#8220;40&#8243; text_align=&#8220;center&#8220; css=&#8220;.vc_custom_1580751207049{margin-bottom: -20px !important;}&#8220; font_weight=&#8220;200&#8243;]<span style=\"color: #103c4f;\"><strong>Herzlich willkommen<\/strong><\/span>[\/vc_column_text][vc_column_text responsive_text=&#8220;true&#8220; font_size=&#8220;40&#8243; text_align=&#8220;center&#8220; font_weight=&#8220;200&#8243;]<span style=\"color: #72b237;\"> im Lions Malstudio Hannover<\/span>[\/vc_column_text][vc_column_text responsive_text=&#8220;true&#8220; font_size=&#8220;20&#8243; text_align=&#8220;center&#8220;]Seit \u00fcber 40 Jahren bietet unser Verein Menschen, die in der zweiten H\u00e4lfte ihres Lebens stehen,<br \/>\neine Plattform, um gemeinsam k\u00fcnstlerische Interessen zu pflegen.[\/vc_column_text][\/vc_column][\/vc_row][vc_row][vc_column width=&#8220;1\/2&#8243; css=&#8220;.vc_custom_1580481527677{margin-top: 0px !important;}&#8220;]<style>.vcex-image-banner.vcex_69f3128de472c .vcex-ib-title{color:#ffffff;}.vcex-image-banner.vcex_69f3128de472c .vcex-ib-caption{color:#ffffff;font-family:'Open Sans',sans-serif;font-size:30px;letter-spacing:2px;font-weight:200;}<\/style><div class=\"vcex-module vcex-image-banner wpex-flex wpex-flex-col wpex-justify-center wpex-relative wpex-overflow-hidden wpex-max-w-100 wpex-bg-gray-900 wpex-text-white wpex-hover-text-white wpex-text-center vcex-has-img-tag vcex_69f3128de472c\"><img decoding=\"async\"  src=\"http:\/\/lionsmalstudio-hannover.de\/wp-content\/uploads\/2020\/02\/Aktuelles-Start.jpg\" class=\"vcex-ib-img wpex-block wpex-transition-all wpex-duration-500\" alt=\"\"><div class=\"vcex-ib-content-wrap wpex-w-100 wpex-transition-all wpex-duration-500 wpex-absolute wpex-inset-0 wpex-flex wpex-items-center\"><div class=\"vcex-ib-content wpex-flex-grow wpex-mx-auto\"><div class=\"vcex-ib-caption wpex-text-lg wpex-last-mb-0\">AKTELLES<\/div><\/div><\/div><\/div>[\/vc_column][vc_column width=&#8220;1\/2&#8243;]<style>.vcex-image-banner.vcex_69f3128de7a1c .vcex-ib-title{color:#ffffff;}.vcex-image-banner.vcex_69f3128de7a1c .vcex-ib-caption{color:#ffffff;font-family:'Open Sans',sans-serif;font-size:30px;letter-spacing:2px;font-weight:200;}<\/style><div class=\"vcex-module vcex-image-banner wpex-flex wpex-flex-col wpex-justify-center wpex-relative wpex-overflow-hidden wpex-max-w-100 wpex-bg-gray-900 wpex-text-white wpex-hover-text-white wpex-text-center vcex-has-img-tag vcex_69f3128de7a1c\"><img decoding=\"async\"  src=\"http:\/\/lionsmalstudio-hannover.de\/wp-content\/uploads\/2020\/02\/Kurse-Start.jpg\" class=\"vcex-ib-img wpex-block wpex-transition-all wpex-duration-500\" alt=\"\"><div class=\"vcex-ib-overlay wpex-absolute wpex-inset-0 wpex-transition-all wpex-duration-500\"><div class=\"vcex-ib-overlay-bg wpex-absolute wpex-inset-0 wpex-bg-black wpex-opacity-30\"><\/div><\/div><div class=\"vcex-ib-content-wrap wpex-w-100 wpex-transition-all wpex-duration-500 wpex-absolute wpex-inset-0 wpex-flex wpex-items-center\"><div class=\"vcex-ib-content wpex-flex-grow wpex-mx-auto\"><div class=\"vcex-ib-caption wpex-text-lg wpex-last-mb-0\">KURSE<\/div><\/div><\/div><\/div>[\/vc_column][\/vc_row][vc_row][vc_column width=&#8220;1\/2&#8243; css=&#8220;.vc_custom_1580749820244{margin-top: -20px !important;}&#8220;]<style>.vcex-image-banner.vcex_69f3128de85a3 .vcex-ib-title{color:#ffffff;}.vcex-image-banner.vcex_69f3128de85a3 .vcex-ib-caption{color:#ffffff;font-family:'Open Sans',sans-serif;font-size:30px;letter-spacing:2px;font-weight:200;}<\/style><div class=\"vcex-module vcex-image-banner wpex-flex wpex-flex-col wpex-justify-center wpex-relative wpex-overflow-hidden wpex-max-w-100 wpex-bg-gray-900 wpex-text-white wpex-hover-text-white wpex-text-center vcex-has-img-tag vcex_69f3128de85a3\"><img decoding=\"async\"  src=\"http:\/\/lionsmalstudio-hannover.de\/wp-content\/uploads\/2020\/02\/Verein-Start.jpg\" class=\"vcex-ib-img wpex-block wpex-transition-all wpex-duration-500\" alt=\"\"><div class=\"vcex-ib-overlay wpex-absolute wpex-inset-0 wpex-transition-all wpex-duration-500\"><div class=\"vcex-ib-overlay-bg wpex-absolute wpex-inset-0 wpex-bg-black wpex-opacity-30\"><\/div><\/div><div class=\"vcex-ib-content-wrap wpex-w-100 wpex-transition-all wpex-duration-500 wpex-absolute wpex-inset-0 wpex-flex wpex-items-center\"><div class=\"vcex-ib-content wpex-flex-grow wpex-mx-auto\"><div class=\"vcex-ib-caption wpex-text-lg wpex-last-mb-0\">VEREIN<\/div><\/div><\/div><\/div>[\/vc_column][vc_column width=&#8220;1\/2&#8243; css=&#8220;.vc_custom_1580749844387{margin-top: -20px !important;}&#8220;]<style>.vcex-image-banner.vcex_69f3128de90fa .vcex-ib-title{color:#ffffff;}.vcex-image-banner.vcex_69f3128de90fa .vcex-ib-caption{color:#ffffff;font-family:'Open Sans',sans-serif;font-size:30px;letter-spacing:2px;font-weight:200;}<\/style><div class=\"vcex-module vcex-image-banner wpex-flex wpex-flex-col wpex-justify-center wpex-relative wpex-overflow-hidden wpex-max-w-100 wpex-bg-gray-900 wpex-text-white wpex-hover-text-white wpex-text-center vcex-has-img-tag vcex_69f3128de90fa\"><img decoding=\"async\"  src=\"http:\/\/lionsmalstudio-hannover.de\/wp-content\/uploads\/2020\/02\/Mitgliedschaft-Start.jpg\" class=\"vcex-ib-img wpex-block wpex-transition-all wpex-duration-500\" alt=\"\"><div class=\"vcex-ib-overlay wpex-absolute wpex-inset-0 wpex-transition-all wpex-duration-500\"><div class=\"vcex-ib-overlay-bg wpex-absolute wpex-inset-0 wpex-bg-black wpex-opacity-30\"><\/div><\/div><div class=\"vcex-ib-content-wrap wpex-w-100 wpex-transition-all wpex-duration-500 wpex-absolute wpex-inset-0 wpex-flex wpex-items-center\"><div class=\"vcex-ib-content wpex-flex-grow wpex-mx-auto\"><div class=\"vcex-ib-caption wpex-text-lg wpex-last-mb-0\">MITGLIEDSCHAFT<\/div><\/div><\/div><\/div>[\/vc_column][\/vc_row][vc_row][vc_column css=&#8220;.vc_custom_1580481527677{margin-top: 0px !important;}&#8220;][\/vc_column][\/vc_row][vc_row full_width=&#8220;stretch_row_content_no_spaces&#8220; remove_bottom_col_margin=&#8220;true&#8220; tablet_fullwidth_cols=&#8220;yes&#8220; css=&#8220;.vc_custom_1580751471849{margin-bottom: 0px !important;}&#8220;][vc_column css=&#8220;.vc_custom_1580469882929{margin-bottom: 0px !important;}&#8220;]<div class=\"templatera_shortcode\"><style type=\"text\/css\" data-type=\"vc_shortcodes-custom-css\">.vc_custom_1698854107912{background-image: url(http:\/\/lionsmalstudio-hannover.de\/wp-content\/uploads\/2020\/01\/Wand.jpg?id=103) !important;background-position: center !important;background-repeat: no-repeat !important;background-size: cover !important;}.vc_custom_1581288956255{margin-bottom: 0px !important;padding-top: 20px !important;padding-right: 20px !important;padding-bottom: 40px !important;padding-left: 40px !important;}.vc_custom_1580405360057{padding-top: 20px !important;padding-right: 20px !important;padding-bottom: 20px !important;padding-left: 20px !important;}.vc_custom_1665395475438{margin-bottom: 10px !important;}.vc_custom_1717005684858{padding-top: 20px !important;padding-right: 20px !important;padding-bottom: 0px !important;padding-left: 20px !important;}.vc_custom_1717005676716{padding-top: 0px !important;padding-right: 20px !important;padding-bottom: 40px !important;padding-left: 20px !important;}.vc_custom_1717005526268{padding-top: 0px !important;padding-right: 20px !important;padding-bottom: 40px !important;padding-left: 20px !important;}.vc_custom_1755372496287{padding-top: 0px !important;padding-right: 20px !important;padding-bottom: 40px !important;padding-left: 20px !important;}.vc_custom_1748018392195{padding-top: 0px !important;padding-right: 20px !important;padding-bottom: 40px !important;padding-left: 20px !important;}.vc_custom_1760607470510{padding-top: 0px !important;padding-right: 20px !important;padding-bottom: 40px !important;padding-left: 20px !important;}.vc_custom_1581436329145{padding-right: 20px !important;padding-left: 20px !important;}.vc_custom_1581434487827{padding-right: 20px !important;}<\/style>[vc_row][vc_column][vc_separator color=\"black\"][\/vc_column][\/vc_row][vc_row equal_height=\"yes\" remove_bottom_col_margin=\"true\" center_row=\"yes\" wpex_fixed_bg=\"fixed-bottom\" css=\".vc_custom_1698854107912{background-image: url(http:\/\/lionsmalstudio-hannover.de\/wp-content\/uploads\/2020\/01\/Wand.jpg?id=103) !important;background-position: center !important;background-repeat: no-repeat !important;background-size: cover !important;}\"][vc_column width=\"1\/3\" css=\".vc_custom_1581288956255{margin-bottom: 0px !important;padding-top: 20px !important;padding-right: 20px !important;padding-bottom: 40px !important;padding-left: 40px !important;}\"][vc_column_text responsive_text=\"true\" color=\"#103c4f\" font_size=\"20\" css=\".vc_custom_1665395475438{margin-bottom: 10px !important;}\"]<strong>LIONSMALSTUDIO\r\nHANNOVER E.V.<\/strong>[\/vc_column_text][vc_column_text color=\"#103c4f\" font_size=\"14\"]<strong>Lions Malstudio Hannover e.V.<\/strong>\r\nKurt-Schumacher-Str. 18\r\n30159 Hannover\r\n0177 494 6461\r\n<strong>\r\nE-Mail:<\/strong> <a href=\"mailto:info@lionsmalstudio.clubdesk.com\">info@lionsmalstudio.clubdesk.com<\/a>\r\n\r\n<strong>Besuchen Sie uns auf Instagram:<\/strong>[\/vc_column_text][vc_icon type=\"monosocial\" icon_monosocial=\"vc-mono vc-mono-instagram\" color=\"green\" link=\"url:https%3A%2F%2Fwww.instagram.com%2Flionsmalstudio%2F|target:_blank\"][\/vc_column][vc_column width=\"1\/3\" wpex_fixed_bg=\"fixed-bottom\"][vc_single_image image=\"715\" img_size=\"medium\" alignment=\"center\" css=\".vc_custom_1717005684858{padding-top: 20px !important;padding-right: 20px !important;padding-bottom: 0px !important;padding-left: 20px !important;}\"][vc_single_image image=\"716\" img_size=\"medium\" alignment=\"center\" css=\".vc_custom_1717005676716{padding-top: 0px !important;padding-right: 20px !important;padding-bottom: 40px !important;padding-left: 20px !important;}\"][vc_single_image image=\"1367\" img_size=\"medium\" alignment=\"center\" css=\".vc_custom_1717005526268{padding-top: 0px !important;padding-right: 20px !important;padding-bottom: 40px !important;padding-left: 20px !important;}\"][vc_single_image image=\"1738\" img_size=\"medium\" alignment=\"center\" css=\".vc_custom_1755372496287{padding-top: 0px !important;padding-right: 20px !important;padding-bottom: 40px !important;padding-left: 20px !important;}\"][vc_single_image image=\"1643\" img_size=\"medium\" alignment=\"center\" onclick=\"custom_link\" img_link_target=\"_blank\" css=\".vc_custom_1748018392195{padding-top: 0px !important;padding-right: 20px !important;padding-bottom: 40px !important;padding-left: 20px !important;}\" link=\"https:\/\/www.hannonetz.de\/\"][vc_single_image image=\"1760\" img_size=\"medium\" alignment=\"center\" onclick=\"custom_link\" img_link_target=\"_blank\" css=\".vc_custom_1760607470510{padding-top: 0px !important;padding-right: 20px !important;padding-bottom: 40px !important;padding-left: 20px !important;}\" link=\"https:\/\/www.hannonetz.de\/\"][\/vc_column][vc_column width=\"1\/3\" css=\".vc_custom_1580405360057{padding-top: 20px !important;padding-right: 20px !important;padding-bottom: 20px !important;padding-left: 20px !important;}\"][vc_column_text responsive_text=\"true\" color=\"#103c4f\" css=\".vc_custom_1581436329145{padding-right: 20px !important;padding-left: 20px !important;}\" font_size=\"20\" text_align=\"right\"]\r\n<p style=\"text-align: right;\">RECHTLICHES<\/p>\r\n[\/vc_column_text][vc_column_text responsive_text=\"true\" color=\"#103c4f\" font_size=\"16\" css=\".vc_custom_1581434487827{padding-right: 20px !important;}\" text_align=\"right\"]<strong><a href=\"http:\/\/lionsmalstudio-hannover.de\/index.php\/impressum\/\">Impressum<\/a><\/strong>\r\n<strong><a href=\"http:\/\/lionsmalstudio-hannover.de\/index.php\/datenschutzerklaerung\/\">Datenschutz<\/a><\/strong>\r\n<strong><a href=\"http:\/\/lionsmalstudio-hannover.de\/index.php\/kontakt\/\">Kontakt<\/a><\/strong>[\/vc_column_text][\/vc_column][\/vc_row]<\/div>[\/vc_column][\/vc_row][vc_row][vc_column][vc_separator color=&#8220;black&#8220; css=&#8220;.vc_custom_1580750084457{padding-bottom: -20px !important;}&#8220;][\/vc_column][\/vc_row]\n<\/section>","protected":false},"excerpt":{"rendered":"<p>[vc_row][vc_column css=&#8220;.vc_custom_1580481527677{margin-top: 0px !important;}&#8220;][vc_column_text responsive_text=&#8220;true&#8220; font_size=&#8220;40&#8243; text_align=&#8220;center&#8220; css=&#8220;.vc_custom_1580751207049{margin-bottom: -20px !important;}&#8220; font_weight=&#8220;200&#8243;]Herzlich willkommen[\/vc_column_text][vc_column_text responsive_text=&#8220;true&#8220; font_size=&#8220;40&#8243; text_align=&#8220;center&#8220; font_weight=&#8220;200&#8243;] im Lions Malstudio Hannover[\/vc_column_text][vc_column_text responsive_text=&#8220;true&#8220; font_size=&#8220;20&#8243; text_align=&#8220;center&#8220;]Seit \u00fcber 40 Jahren bietet unser Verein Menschen, die in der zweiten H\u00e4lfte ihres Lebens stehen, eine Plattform, um gemeinsam k\u00fcnstlerische Interessen zu pflegen.[\/vc_column_text][\/vc_column][\/vc_row][vc_row][vc_column width=&#8220;1\/2&#8243; css=&#8220;.vc_custom_1580481527677{margin-top: 0px !important;}&#8220;][\/vc_column][vc_column width=&#8220;1\/2&#8243;][\/vc_column][\/vc_row][vc_row][vc_column width=&#8220;1\/2&#8243; css=&#8220;.vc_custom_1580749820244{margin-top: -20px !important;}&#8220;][\/vc_column][vc_column&hellip;<\/p>\n","protected":false},"author":2,"featured_media":0,"parent":0,"menu_order":0,"comment_status":"closed","ping_status":"closed","template":"","meta":{"footnotes":""},"class_list":["post-22","page","type-page","status-publish","hentry","entry","no-media"],"_links":{"self":[{"href":"http:\/\/lionsmalstudio-hannover.de\/index.php\/wp-json\/wp\/v2\/pages\/22"}],"collection":[{"href":"http:\/\/lionsmalstudio-hannover.de\/index.php\/wp-json\/wp\/v2\/pages"}],"about":[{"href":"http:\/\/lionsmalstudio-hannover.de\/index.php\/wp-json\/wp\/v2\/types\/page"}],"author":[{"embeddable":true,"href":"http:\/\/lionsmalstudio-hannover.de\/index.php\/wp-json\/wp\/v2\/users\/2"}],"replies":[{"embeddable":true,"href":"http:\/\/lionsmalstudio-hannover.de\/index.php\/wp-json\/wp\/v2\/comments?post=22"}],"version-history":[{"count":117,"href":"http:\/\/lionsmalstudio-hannover.de\/index.php\/wp-json\/wp\/v2\/pages\/22\/revisions"}],"predecessor-version":[{"id":98,"href":"http:\/\/lionsmalstudio-hannover.de\/index.php\/wp-json\/wp\/v2\/pages\/22\/revisions\/98"}],"wp:attachment":[{"href":"http:\/\/lionsmalstudio-hannover.de\/index.php\/wp-json\/wp\/v2\/media?parent=22"}],"curies":[{"name":"wp","href":"https:\/\/api.w.org\/{rel}","templated":true}]}}